{"id":1641,"date":"2025-04-09T16:54:38","date_gmt":"2025-04-09T16:54:38","guid":{"rendered":"http:\/\/arealco.de\/?page_id=1641"},"modified":"2025-05-08T08:49:24","modified_gmt":"2025-05-08T08:49:24","slug":"profi-eigentumer-service-2","status":"publish","type":"page","link":"https:\/\/arealco.de\/index.php\/profi-eigentumer-service-2\/","title":{"rendered":"Profi Eigent\u00fcmer-Service"},"content":{"rendered":"\t\t<div data-elementor-type=\"wp-page\" data-elementor-id=\"1641\" class=\"elementor elementor-1641\" data-elementor-post-type=\"page\">\n\t\t\t\t\t\t<section class=\"elementor-section elementor-top-section elementor-element elementor-element-69cc66ad elementor-section-stretched elementor-section-content-middle elementor-section-full_width elementor-section-height-default elementor-section-height-default\" data-id=\"69cc66ad\" data-element_type=\"section\" data-settings=\"{&quot;stretch_section&quot;:&quot;section-stretched&quot;}\">\n\t\t\t\t\t\t<div class=\"elementor-container elementor-column-gap-custom\">\n\t\t\t\t\t<div class=\"elementor-column elementor-col-50 elementor-top-column elementor-element elementor-element-28428115 elementor-hidden-mobile\" data-id=\"28428115\" data-element_type=\"column\" data-settings=\"{&quot;background_background&quot;:&quot;classic&quot;}\">\n\t\t\t<div class=\"elementor-widget-wrap elementor-element-populated\">\n\t\t\t\t\t\t<div class=\"elementor-element elementor-element-2b74b4e8 elementor-widget elementor-widget-spacer\" data-id=\"2b74b4e8\" data-element_type=\"widget\" data-widget_type=\"spacer.default\">\n\t\t\t\t<div class=\"elementor-widget-container\">\n\t\t\t\t\t\t\t<div class=\"elementor-spacer\">\n\t\t\t<div class=\"elementor-spacer-inner\"><\/div>\n\t\t<\/div>\n\t\t\t\t\t\t<\/div>\n\t\t\t\t<\/div>\n\t\t\t\t\t<\/div>\n\t\t<\/div>\n\t\t\t\t<div class=\"elementor-column elementor-col-50 elementor-top-column elementor-element elementor-element-16115bf8\" data-id=\"16115bf8\" data-element_type=\"column\" data-settings=\"{&quot;background_background&quot;:&quot;classic&quot;}\">\n\t\t\t<div class=\"elementor-widget-wrap elementor-element-populated\">\n\t\t\t\t\t\t<div class=\"elementor-element elementor-element-19699104 elementor-widget elementor-widget-heading\" data-id=\"19699104\" data-element_type=\"widget\" data-widget_type=\"heading.default\">\n\t\t\t\t<div class=\"elementor-widget-container\">\n\t\t\t\t\t<h2 class=\"elementor-heading-title elementor-size-default\">Arealco e.K.<\/h2>\t\t\t\t<\/div>\n\t\t\t\t<\/div>\n\t\t\t\t<div class=\"elementor-element elementor-element-302bfe8e elementor-align-left elementor-widget elementor-widget-etheme_advanced_headline\" data-id=\"302bfe8e\" data-element_type=\"widget\" data-widget_type=\"etheme_advanced_headline.default\">\n\t\t\t\t<div class=\"elementor-widget-container\">\n\t\t\t\t\t        \r\n        <div class=\"etheme-a-h-wrapper\">\r\n        \r\n            \r\n        <h2 class=\"etheme-advanced-headline\">\r\n\r\n            Service f\u00fcr <span class=\"etheme-a-h-text\">Investoren<\/span>\r\n                \r\n        <\/h2>\r\n\t\t\r\n                            <p class=\"etheme-a-h-text-after\">\r\n                    MARKTORIENTIERTE BEWERTUNG IHRER IMMOBILIE                <\/p>\r\n                    \r\n        <\/div>\r\n        \r\n\t\t\t\t\t\t<\/div>\n\t\t\t\t<\/div>\n\t\t\t\t<div class=\"elementor-element elementor-element-5c73670 elementor-widget elementor-widget-text-editor\" data-id=\"5c73670\" data-element_type=\"widget\" data-widget_type=\"text-editor.default\">\n\t\t\t\t<div class=\"elementor-widget-container\">\n\t\t\t\t\t\t\t\t\t<p>Eine professionell durchgef\u00fchrte Bewertung ist der Grundstein f\u00fcr eine erfolgreiche Vermittlung auf dem Weg zum Optimumfaktor. Unter Ber\u00fccksichtigung der aktuellen Marktsituation und unserer Erfahrungswerte ermitteln wir den bestm\u00f6glichen Angebotspreis Ihrer Immobilie und erstellen ein passendes Verkaufs- bzw. Vermietungsprofil.<\/p><p>Auf Wunsch lassen wir in Zusammenarbeit mit einem staatlich anerkannten Gutachter f\u00fcr Ihre Immobilie ein fachgerechtes Kurzgutachten zur Wertermittlung erstellen. Durch eine seri\u00f6se Objekteinsch\u00e4tzung sorgen wir daf\u00fcr, dass Ihre Immobilie mit der ihr zustehenden Integrit\u00e4t auf dem Markt platziert werden kann und minimieren damit bereits von Beginn an das Risiko wertsch\u00e4digender Werbeinkonsequenz und Preisschwankung bei der Vermarktung.<\/p>\t\t\t\t\t\t\t\t<\/div>\n\t\t\t\t<\/div>\n\t\t\t\t<div class=\"elementor-element elementor-element-51f4a9b2 elementor-widget elementor-widget-text_button\" data-id=\"51f4a9b2\" data-element_type=\"widget\" data-widget_type=\"text_button.default\">\n\t\t\t\t<div class=\"elementor-widget-container\">\n\t\t\t\t\t<span class=\"etheme-ajaxify-lazy-wrapper etheme-ajaxify-replace\" data-type=\"elementor\" data-request=\"WyJlbGVtZW50b3IiLDE2NDEsIjJkZDRjYWRhIl0=\"><\/span>\t\t\t\t<\/div>\n\t\t\t\t<\/div>\n\t\t\t\t\t<\/div>\n\t\t<\/div>\n\t\t\t\t\t<\/div>\n\t\t<\/section>\n\t\t\t\t<section class=\"elementor-section elementor-top-section elementor-element elementor-element-7ca0d622 elementor-section-stretched elementor-section-content-middle elementor-section-boxed elementor-section-height-default elementor-section-height-default\" data-id=\"7ca0d622\" data-element_type=\"section\" data-settings=\"{&quot;stretch_section&quot;:&quot;section-stretched&quot;}\">\n\t\t\t\t\t\t<div class=\"elementor-container elementor-column-gap-custom\">\n\t\t\t\t\t<div class=\"elementor-column elementor-col-50 elementor-top-column elementor-element elementor-element-2f4fc9ec\" data-id=\"2f4fc9ec\" data-element_type=\"column\">\n\t\t\t<div class=\"elementor-widget-wrap elementor-element-populated\">\n\t\t\t\t\t\t<div class=\"elementor-element elementor-element-14ffee51 elementor-widget elementor-widget-image\" data-id=\"14ffee51\" data-element_type=\"widget\" data-widget_type=\"image.default\">\n\t\t\t\t<div class=\"elementor-widget-container\">\n\t\t\t\t\t\t\t\t\t\t\t\t\t\t\t<img loading=\"lazy\" loading=\"lazy\" decoding=\"async\" width=\"2048\" height=\"2048\" src=\"https:\/\/arealco.de\/wp-content\/uploads\/2025\/04\/img2.jpeg\" class=\"attachment-full size-full wp-image-1903\" alt=\"\" srcset=\"https:\/\/arealco.de\/wp-content\/uploads\/2025\/04\/img2.jpeg 2048w, https:\/\/arealco.de\/wp-content\/uploads\/2025\/04\/img2-300x300.jpeg 300w, https:\/\/arealco.de\/wp-content\/uploads\/2025\/04\/img2-1024x1024.jpeg 1024w, https:\/\/arealco.de\/wp-content\/uploads\/2025\/04\/img2-150x150.jpeg 150w, https:\/\/arealco.de\/wp-content\/uploads\/2025\/04\/img2-768x768.jpeg 768w, https:\/\/arealco.de\/wp-content\/uploads\/2025\/04\/img2-1536x1536.jpeg 1536w, https:\/\/arealco.de\/wp-content\/uploads\/2025\/04\/img2-600x600.jpeg 600w, https:\/\/arealco.de\/wp-content\/uploads\/2025\/04\/img2-100x100.jpeg 100w, https:\/\/arealco.de\/wp-content\/uploads\/2025\/04\/img2-1x1.jpeg 1w, https:\/\/arealco.de\/wp-content\/uploads\/2025\/04\/img2-10x10.jpeg 10w\" sizes=\"auto, (max-width: 2048px) 100vw, 2048px\" \/>\t\t\t\t\t\t\t\t\t\t\t\t\t\t\t<\/div>\n\t\t\t\t<\/div>\n\t\t\t\t\t<\/div>\n\t\t<\/div>\n\t\t\t\t<div class=\"elementor-column elementor-col-50 elementor-top-column elementor-element elementor-element-1c6403a4\" data-id=\"1c6403a4\" data-element_type=\"column\">\n\t\t\t<div class=\"elementor-widget-wrap elementor-element-populated\">\n\t\t\t\t\t\t<div class=\"elementor-element elementor-element-2a963dac elementor-widget elementor-widget-heading\" data-id=\"2a963dac\" data-element_type=\"widget\" data-widget_type=\"heading.default\">\n\t\t\t\t<div class=\"elementor-widget-container\">\n\t\t\t\t\t<h2 class=\"elementor-heading-title elementor-size-default\">Umfangreiche Interessentendatei<\/h2>\t\t\t\t<\/div>\n\t\t\t\t<\/div>\n\t\t\t\t<div class=\"elementor-element elementor-element-550bc53f elementor-widget__width-initial elementor-widget elementor-widget-text-editor\" data-id=\"550bc53f\" data-element_type=\"widget\" data-widget_type=\"text-editor.default\">\n\t\t\t\t<div class=\"elementor-widget-container\">\n\t\t\t\t\t\t\t\t\t<p>Der Vermittlungsprozess wird h\u00e4ufig durch R\u00fcckgriff auf unsere vielschichtige Interessentendatei abgek\u00fcrzt. Infolge einer detaillierten Zielgruppenanalyse k\u00f6nnen wir Ihnen h\u00e4ufig bereits zu diesem Zeitpunkt einen oder mehrere geeignete Interessenten aus unserem solventen Kundenstamm pr\u00e4sentieren.<\/p>\t\t\t\t\t\t\t\t<\/div>\n\t\t\t\t<\/div>\n\t\t\t\t<div class=\"elementor-element elementor-element-dca5663 elementor-widget elementor-widget-button\" data-id=\"dca5663\" data-element_type=\"widget\" data-widget_type=\"button.default\">\n\t\t\t\t<div class=\"elementor-widget-container\">\n\t\t\t\t\t\t\t\t\t<div class=\"elementor-button-wrapper\">\n\t\t\t\t\t<a class=\"elementor-button elementor-button-link elementor-size-sm\" href=\"https:\/\/arealco.de\/index.php\/contact-us\/\">\n\t\t\t\t\t\t<span class=\"elementor-button-content-wrapper\">\n\t\t\t\t\t\t\t\t\t<span class=\"elementor-button-text\">Mehr erfahren<\/span>\n\t\t\t\t\t<\/span>\n\t\t\t\t\t<\/a>\n\t\t\t\t<\/div>\n\t\t\t\t\t\t\t\t<\/div>\n\t\t\t\t<\/div>\n\t\t\t\t\t<\/div>\n\t\t<\/div>\n\t\t\t\t\t<\/div>\n\t\t<\/section>\n\t\t\t\t<section class=\"elementor-section elementor-top-section elementor-element elementor-element-3a5ee32d elementor-section-stretched elementor-section-content-middle elementor-reverse-mobile elementor-section-boxed elementor-section-height-default elementor-section-height-default\" data-id=\"3a5ee32d\" data-element_type=\"section\" data-settings=\"{&quot;stretch_section&quot;:&quot;section-stretched&quot;}\">\n\t\t\t\t\t\t<div class=\"elementor-container elementor-column-gap-custom\">\n\t\t\t\t\t<div class=\"elementor-column elementor-col-50 elementor-top-column elementor-element elementor-element-6d7e0d7\" data-id=\"6d7e0d7\" data-element_type=\"column\">\n\t\t\t<div class=\"elementor-widget-wrap elementor-element-populated\">\n\t\t\t\t\t\t<div class=\"elementor-element elementor-element-475796e9 elementor-widget elementor-widget-heading\" data-id=\"475796e9\" data-element_type=\"widget\" data-widget_type=\"heading.default\">\n\t\t\t\t<div class=\"elementor-widget-container\">\n\t\t\t\t\t<h2 class=\"elementor-heading-title elementor-size-default\">Gezielte Interessentenauswahl<\/h2>\t\t\t\t<\/div>\n\t\t\t\t<\/div>\n\t\t\t\t<div class=\"elementor-element elementor-element-1fea6a0c elementor-widget__width-initial elementor-widget elementor-widget-text-editor\" data-id=\"1fea6a0c\" data-element_type=\"widget\" data-widget_type=\"text-editor.default\">\n\t\t\t\t<div class=\"elementor-widget-container\">\n\t\t\t\t\t\t\t\t\t<p style=\"text-align: left;\">Bei der Suche des geeigneten Interessenten richten wir uns gezielt nach Ihren Vorstellungen. Um diesen auch in puncto Sicherheit zu gen\u00fcgen, \u00fcberpr\u00fcfen wir selbstverst\u00e4ndlich den Interessenten sorgf\u00e4ltig auf dessen Bonit\u00e4t, etwa anhand eines Selbstauskunftsbogens, bevor wir ihn pr\u00e4sentieren. Auf Wunsch f\u00fchren wir auch gerne weitere Bonit\u00e4tspr\u00fcfungen durch.<\/p>\t\t\t\t\t\t\t\t<\/div>\n\t\t\t\t<\/div>\n\t\t\t\t<div class=\"elementor-element elementor-element-24e3b8c elementor-align-right elementor-widget elementor-widget-button\" data-id=\"24e3b8c\" data-element_type=\"widget\" data-widget_type=\"button.default\">\n\t\t\t\t<div class=\"elementor-widget-container\">\n\t\t\t\t\t\t\t\t\t<div class=\"elementor-button-wrapper\">\n\t\t\t\t\t<a class=\"elementor-button elementor-button-link elementor-size-sm\" href=\"https:\/\/arealco.de\/index.php\/contact-us\/\">\n\t\t\t\t\t\t<span class=\"elementor-button-content-wrapper\">\n\t\t\t\t\t\t\t\t\t<span class=\"elementor-button-text\">Mehr erfahren<\/span>\n\t\t\t\t\t<\/span>\n\t\t\t\t\t<\/a>\n\t\t\t\t<\/div>\n\t\t\t\t\t\t\t\t<\/div>\n\t\t\t\t<\/div>\n\t\t\t\t\t<\/div>\n\t\t<\/div>\n\t\t\t\t<div class=\"elementor-column elementor-col-50 elementor-top-column elementor-element elementor-element-78f580e3\" data-id=\"78f580e3\" data-element_type=\"column\">\n\t\t\t<div class=\"elementor-widget-wrap elementor-element-populated\">\n\t\t\t\t\t\t<div class=\"elementor-element elementor-element-21b473fc elementor-widget elementor-widget-image\" data-id=\"21b473fc\" data-element_type=\"widget\" data-widget_type=\"image.default\">\n\t\t\t\t<div class=\"elementor-widget-container\">\n\t\t\t\t\t\t\t\t\t\t\t\t\t\t\t<img loading=\"lazy\" loading=\"lazy\" decoding=\"async\" width=\"2553\" height=\"1683\" src=\"https:\/\/arealco.de\/wp-content\/uploads\/2025\/04\/Panorama-Brucke-2.jpg\" class=\"attachment-full size-full wp-image-1905\" alt=\"\" srcset=\"https:\/\/arealco.de\/wp-content\/uploads\/2025\/04\/Panorama-Brucke-2.jpg 2553w, https:\/\/arealco.de\/wp-content\/uploads\/2025\/04\/Panorama-Brucke-2-300x198.jpg 300w, https:\/\/arealco.de\/wp-content\/uploads\/2025\/04\/Panorama-Brucke-2-1024x675.jpg 1024w, https:\/\/arealco.de\/wp-content\/uploads\/2025\/04\/Panorama-Brucke-2-768x506.jpg 768w, https:\/\/arealco.de\/wp-content\/uploads\/2025\/04\/Panorama-Brucke-2-1536x1013.jpg 1536w, https:\/\/arealco.de\/wp-content\/uploads\/2025\/04\/Panorama-Brucke-2-2048x1350.jpg 2048w, https:\/\/arealco.de\/wp-content\/uploads\/2025\/04\/Panorama-Brucke-2-600x396.jpg 600w, https:\/\/arealco.de\/wp-content\/uploads\/2025\/04\/Panorama-Brucke-2-1x1.jpg 1w, https:\/\/arealco.de\/wp-content\/uploads\/2025\/04\/Panorama-Brucke-2-10x7.jpg 10w\" sizes=\"auto, (max-width: 2553px) 100vw, 2553px\" \/>\t\t\t\t\t\t\t\t\t\t\t\t\t\t\t<\/div>\n\t\t\t\t<\/div>\n\t\t\t\t\t<\/div>\n\t\t<\/div>\n\t\t\t\t\t<\/div>\n\t\t<\/section>\n\t\t\t\t<section class=\"elementor-section elementor-top-section elementor-element elementor-element-9c0493c elementor-section-stretched elementor-section-content-middle elementor-section-boxed elementor-section-height-default elementor-section-height-default\" data-id=\"9c0493c\" data-element_type=\"section\" data-settings=\"{&quot;stretch_section&quot;:&quot;section-stretched&quot;}\">\n\t\t\t\t\t\t<div class=\"elementor-container elementor-column-gap-custom\">\n\t\t\t\t\t<div class=\"elementor-column elementor-col-50 elementor-top-column elementor-element elementor-element-c280617\" data-id=\"c280617\" data-element_type=\"column\">\n\t\t\t<div class=\"elementor-widget-wrap elementor-element-populated\">\n\t\t\t\t\t\t<div class=\"elementor-element elementor-element-37d220d elementor-widget elementor-widget-image\" data-id=\"37d220d\" data-element_type=\"widget\" data-widget_type=\"image.default\">\n\t\t\t\t<div class=\"elementor-widget-container\">\n\t\t\t\t\t\t\t\t\t\t\t\t\t\t\t<img loading=\"lazy\" loading=\"lazy\" decoding=\"async\" width=\"1118\" height=\"1600\" src=\"https:\/\/arealco.de\/wp-content\/uploads\/2025\/04\/IMG-20211005-WA0002.jpg\" class=\"attachment-full size-full wp-image-1907\" alt=\"\" srcset=\"https:\/\/arealco.de\/wp-content\/uploads\/2025\/04\/IMG-20211005-WA0002.jpg 1118w, https:\/\/arealco.de\/wp-content\/uploads\/2025\/04\/IMG-20211005-WA0002-210x300.jpg 210w, https:\/\/arealco.de\/wp-content\/uploads\/2025\/04\/IMG-20211005-WA0002-716x1024.jpg 716w, https:\/\/arealco.de\/wp-content\/uploads\/2025\/04\/IMG-20211005-WA0002-768x1099.jpg 768w, https:\/\/arealco.de\/wp-content\/uploads\/2025\/04\/IMG-20211005-WA0002-1073x1536.jpg 1073w, https:\/\/arealco.de\/wp-content\/uploads\/2025\/04\/IMG-20211005-WA0002-600x859.jpg 600w, https:\/\/arealco.de\/wp-content\/uploads\/2025\/04\/IMG-20211005-WA0002-1x1.jpg 1w, https:\/\/arealco.de\/wp-content\/uploads\/2025\/04\/IMG-20211005-WA0002-7x10.jpg 7w\" sizes=\"auto, (max-width: 1118px) 100vw, 1118px\" \/>\t\t\t\t\t\t\t\t\t\t\t\t\t\t\t<\/div>\n\t\t\t\t<\/div>\n\t\t\t\t\t<\/div>\n\t\t<\/div>\n\t\t\t\t<div class=\"elementor-column elementor-col-50 elementor-top-column elementor-element elementor-element-98ebaad\" data-id=\"98ebaad\" data-element_type=\"column\">\n\t\t\t<div class=\"elementor-widget-wrap elementor-element-populated\">\n\t\t\t\t\t\t<div class=\"elementor-element elementor-element-dc35a8e elementor-widget elementor-widget-heading\" data-id=\"dc35a8e\" data-element_type=\"widget\" data-widget_type=\"heading.default\">\n\t\t\t\t<div class=\"elementor-widget-container\">\n\t\t\t\t\t<h2 class=\"elementor-heading-title elementor-size-default\">Professionelle Vermarktung<\/h2>\t\t\t\t<\/div>\n\t\t\t\t<\/div>\n\t\t\t\t<div class=\"elementor-element elementor-element-125e28a elementor-widget__width-initial elementor-widget elementor-widget-text-editor\" data-id=\"125e28a\" data-element_type=\"widget\" data-widget_type=\"text-editor.default\">\n\t\t\t\t<div class=\"elementor-widget-container\">\n\t\t\t\t\t\t\t\t\t<p>Ausgehend von der Objekt- und Zielgruppenanalyse erarbeiten wir eine auf Ihre W\u00fcnsche abgestimmte Marketingstrategie. Hierbei konzentrieren wir uns vorwiegend auf folgende Werbeinstrumente<\/p><ul><li>Erstellung eines aussagekr\u00e4ftigen Expos\u00e9s<\/li><li>Aufstellung eines Werbeschildes am Objekt<\/li><li>Ver\u00f6ffentlichung in den regionalen Printmedien<\/li><li>Pr\u00e4sentation auf unserer Firmen-Website und den g\u00e4ngigen Internetportalen<\/li><\/ul>\t\t\t\t\t\t\t\t<\/div>\n\t\t\t\t<\/div>\n\t\t\t\t<div class=\"elementor-element elementor-element-d7d87cf elementor-widget elementor-widget-button\" data-id=\"d7d87cf\" data-element_type=\"widget\" data-widget_type=\"button.default\">\n\t\t\t\t<div class=\"elementor-widget-container\">\n\t\t\t\t\t\t\t\t\t<div class=\"elementor-button-wrapper\">\n\t\t\t\t\t<a class=\"elementor-button elementor-button-link elementor-size-sm\" href=\"https:\/\/arealco.de\/index.php\/contact-us\/\">\n\t\t\t\t\t\t<span class=\"elementor-button-content-wrapper\">\n\t\t\t\t\t\t\t\t\t<span class=\"elementor-button-text\">Mehr erfahren<\/span>\n\t\t\t\t\t<\/span>\n\t\t\t\t\t<\/a>\n\t\t\t\t<\/div>\n\t\t\t\t\t\t\t\t<\/div>\n\t\t\t\t<\/div>\n\t\t\t\t\t<\/div>\n\t\t<\/div>\n\t\t\t\t\t<\/div>\n\t\t<\/section>\n\t\t<div class=\"elementor-element elementor-element-1351aaa9 e-flex e-con-boxed e-con e-parent\" data-id=\"1351aaa9\" data-element_type=\"container\">\n\t\t\t\t\t<div class=\"e-con-inner\">\n\t\t<div class=\"elementor-element elementor-element-166775f0 e-con-full e-flex elementor-invisible e-con e-child\" data-id=\"166775f0\" data-element_type=\"container\" data-settings=\"{&quot;animation&quot;:&quot;fadeInLeft&quot;}\">\n\t\t\t\t<div class=\"elementor-element elementor-element-6c256466 elementor-widget elementor-widget-image\" data-id=\"6c256466\" data-element_type=\"widget\" data-widget_type=\"image.default\">\n\t\t\t\t<div class=\"elementor-widget-container\">\n\t\t\t\t\t\t\t\t\t\t\t\t\t\t\t<img loading=\"lazy\" loading=\"lazy\" decoding=\"async\" width=\"660\" height=\"660\" src=\"https:\/\/arealco.de\/wp-content\/uploads\/2025\/04\/Group-2.png\" class=\"attachment-full size-full wp-image-1725\" alt=\"\" srcset=\"https:\/\/arealco.de\/wp-content\/uploads\/2025\/04\/Group-2.png 660w, https:\/\/arealco.de\/wp-content\/uploads\/2025\/04\/Group-2-300x300.png 300w, https:\/\/arealco.de\/wp-content\/uploads\/2025\/04\/Group-2-150x150.png 150w, https:\/\/arealco.de\/wp-content\/uploads\/2025\/04\/Group-2-600x600.png 600w, https:\/\/arealco.de\/wp-content\/uploads\/2025\/04\/Group-2-100x100.png 100w, https:\/\/arealco.de\/wp-content\/uploads\/2025\/04\/Group-2-1x1.png 1w, https:\/\/arealco.de\/wp-content\/uploads\/2025\/04\/Group-2-10x10.png 10w\" sizes=\"auto, (max-width: 660px) 100vw, 660px\" \/>\t\t\t\t\t\t\t\t\t\t\t\t\t\t\t<\/div>\n\t\t\t\t<\/div>\n\t\t<div class=\"elementor-element elementor-element-61500373 e-con-full e-flex elementor-invisible e-con e-child\" data-id=\"61500373\" data-element_type=\"container\" data-settings=\"{&quot;background_background&quot;:&quot;classic&quot;,&quot;position&quot;:&quot;absolute&quot;,&quot;motion_fx_motion_fx_scrolling&quot;:&quot;yes&quot;,&quot;motion_fx_translateY_effect&quot;:&quot;yes&quot;,&quot;motion_fx_translateY_speed&quot;:{&quot;unit&quot;:&quot;px&quot;,&quot;size&quot;:2,&quot;sizes&quot;:[]},&quot;motion_fx_devices&quot;:[&quot;desktop&quot;,&quot;tablet&quot;],&quot;animation&quot;:&quot;zoomIn&quot;,&quot;motion_fx_translateY_affectedRange&quot;:{&quot;unit&quot;:&quot;%&quot;,&quot;size&quot;:&quot;&quot;,&quot;sizes&quot;:{&quot;start&quot;:0,&quot;end&quot;:100}}}\">\n\t\t\t\t<div class=\"elementor-element elementor-element-8809c28 elementor-widget elementor-widget-heading\" data-id=\"8809c28\" data-element_type=\"widget\" data-widget_type=\"heading.default\">\n\t\t\t\t<div class=\"elementor-widget-container\">\n\t\t\t\t\t<h2 class=\"elementor-heading-title elementor-size-default\">25<\/h2>\t\t\t\t<\/div>\n\t\t\t\t<\/div>\n\t\t\t\t<div class=\"elementor-element elementor-element-2cc88504 elementor-align-right elementor-widget elementor-widget-etheme_advanced_headline\" data-id=\"2cc88504\" data-element_type=\"widget\" data-widget_type=\"etheme_advanced_headline.default\">\n\t\t\t\t<div class=\"elementor-widget-container\">\n\t\t\t\t\t        \r\n        <div class=\"etheme-a-h-wrapper\">\r\n        \r\n            \r\n        <span class=\"etheme-advanced-headline\">\r\n\r\n            <span class=\"etheme-a-h-text\">Years<\/span>\r\n                \r\n        <\/span>\r\n\t\t\r\n                            <p class=\"etheme-a-h-text-after\">\r\n                    Of Successful Work                <\/p>\r\n                    \r\n        <\/div>\r\n        \r\n\t\t\t\t\t\t<\/div>\n\t\t\t\t<\/div>\n\t\t\t\t<\/div>\n\t\t\t\t<\/div>\n\t\t<div class=\"elementor-element elementor-element-2be90ce3 e-con-full e-flex elementor-invisible e-con e-child\" data-id=\"2be90ce3\" data-element_type=\"container\" data-settings=\"{&quot;animation&quot;:&quot;fadeInRight&quot;}\">\n\t\t\t\t<div class=\"elementor-element elementor-element-2fabacdd elementor-widget elementor-widget-heading\" data-id=\"2fabacdd\" data-element_type=\"widget\" data-widget_type=\"heading.default\">\n\t\t\t\t<div class=\"elementor-widget-container\">\n\t\t\t\t\t<h2 class=\"elementor-heading-title elementor-size-default\">Betreuung von A bis Z<\/h2>\t\t\t\t<\/div>\n\t\t\t\t<\/div>\n\t\t\t\t<div class=\"elementor-element elementor-element-2ae99439 elementor-align-left elementor-widget elementor-widget-etheme_icon_box\" data-id=\"2ae99439\" data-element_type=\"widget\" data-widget_type=\"etheme_icon_box.default\">\n\t\t\t\t<div class=\"elementor-widget-container\">\n\t\t\t\t\t\t\t\t<div class=\"etheme-icon-box etheme-icon-box-icon-position-top\">\r\n        \r\n                            \r\n                <div class=\"etheme-icon-box-icon etheme-icon-box-icon-type-icon\">\r\n        \r\n                        \r\n                <\/div>\r\n            \r\n                <div class=\"etheme-icon-box-content\">\r\n\t\t\r\n                                        \r\n                    \t\t\r\n                                            <p class=\"etheme-icon-box-description\">\r\n                            Wir setzen in jeder Phase des Maklerprozesses auf das Optimum. Dazu geh\u00f6rt die kompetente Betreuung und Beratung vor, w\u00e4hrend und nach Vertragsabschluss. S\u00e4mtliche Besichtigungen und Vertragsverhandlungen f\u00fchren wir allein oder gemeinsam mit Ihnen durch. Auf Wunsch erstellen wir einen Mietvertrag, der den aktuellen rechtlichen Anforderungen entspricht, gegebenenfalls in Zusammenarbeit mit entsprechenden Mietrechtsspezialisten. Beim Notartermin stehen wir Ihnen beratend zur Seite. Nach Vertragsabschluss \u00fcbernehmen wir f\u00fcr Sie die \u00dcbergabe (bzw. nach Beendigung des Vertragsverh\u00e4ltnisses die R\u00fcckgabe) und erstellen ein professionelles Gutachten. Auch im Anschluss stehen wir Ihnen gerne f\u00fcr weitere Fragen mit kompetenter Beratung zur Seite.                        <\/p>\r\n                    \r\n                            \r\n                <\/div>\r\n\t\t\t<\/div>\r\n\t\t\t\t\t\t<\/div>\n\t\t\t\t<\/div>\n\t\t\t\t<\/div>\n\t\t\t\t\t<\/div>\n\t\t\t\t<\/div>\n\t\t<div class=\"elementor-element elementor-element-272bcd9 e-flex e-con-boxed e-con e-parent\" data-id=\"272bcd9\" data-element_type=\"container\">\n\t\t\t\t\t<div class=\"e-con-inner\">\n\t\t<div class=\"elementor-element elementor-element-68df3867 e-con-full e-flex e-con e-child\" data-id=\"68df3867\" data-element_type=\"container\">\n\t\t\t\t<div class=\"elementor-element elementor-element-59cc0d2 elementor-widget elementor-widget-image\" data-id=\"59cc0d2\" data-element_type=\"widget\" data-widget_type=\"image.default\">\n\t\t\t\t<div class=\"elementor-widget-container\">\n\t\t\t\t\t\t\t\t\t\t\t\t\t\t\t<img loading=\"lazy\" loading=\"lazy\" decoding=\"async\" width=\"604\" height=\"423\" src=\"https:\/\/arealco.de\/wp-content\/uploads\/2025\/04\/Logo-web-copy.png\" class=\"attachment-full size-full wp-image-1515\" alt=\"\" srcset=\"https:\/\/arealco.de\/wp-content\/uploads\/2025\/04\/Logo-web-copy.png 604w, https:\/\/arealco.de\/wp-content\/uploads\/2025\/04\/Logo-web-copy-600x420.png 600w, https:\/\/arealco.de\/wp-content\/uploads\/2025\/04\/Logo-web-copy-300x210.png 300w, https:\/\/arealco.de\/wp-content\/uploads\/2025\/04\/Logo-web-copy-1x1.png 1w, https:\/\/arealco.de\/wp-content\/uploads\/2025\/04\/Logo-web-copy-10x7.png 10w\" sizes=\"auto, (max-width: 604px) 100vw, 604px\" \/>\t\t\t\t\t\t\t\t\t\t\t\t\t\t\t<\/div>\n\t\t\t\t<\/div>\n\t\t\t\t<\/div>\n\t\t<div class=\"elementor-element elementor-element-78175d0d e-con-full e-flex e-con e-child\" data-id=\"78175d0d\" data-element_type=\"container\">\n\t\t\t\t<div class=\"elementor-element elementor-element-7fa4c9f8 elementor-widget elementor-widget-heading\" data-id=\"7fa4c9f8\" data-element_type=\"widget\" data-widget_type=\"heading.default\">\n\t\t\t\t<div class=\"elementor-widget-container\">\n\t\t\t\t\t<h1 class=\"elementor-heading-title elementor-size-default\">Keine Kosten oder Geb\u00fchren<\/h1>\t\t\t\t<\/div>\n\t\t\t\t<\/div>\n\t\t\t\t<\/div>\n\t\t<div class=\"elementor-element elementor-element-62489ddb e-con-full e-flex e-con e-child\" data-id=\"62489ddb\" data-element_type=\"container\">\n\t\t\t\t<div class=\"elementor-element elementor-element-59d37a21 elementor-widget elementor-widget-text-editor\" data-id=\"59d37a21\" data-element_type=\"widget\" data-widget_type=\"text-editor.default\">\n\t\t\t\t<div class=\"elementor-widget-container\">\n\t\t\t\t\t\t\t\t\t<p>Our service, including marketing, is free of charge. The commission is paid by the tenant or buyer after the contract is signed.<\/p>\t\t\t\t\t\t\t\t<\/div>\n\t\t\t\t<\/div>\n\t\t\t\t<\/div>\n\t\t\t\t\t<\/div>\n\t\t\t\t<\/div>\n\t\t\t\t<\/div>\n\t\t","protected":false},"excerpt":{"rendered":"<p>Arealco e.K. Service f\u00fcr Investoren MARKTORIENTIERTE BEWERTUNG IHRER IMMOBILIE Eine professionell durchgef\u00fchrte Bewertung&#8230;<\/p>\n","protected":false},"author":1,"featured_media":0,"parent":0,"menu_order":0,"comment_status":"closed","ping_status":"closed","template":"","meta":{"footnotes":""},"class_list":["post-1641","page","type-page","status-publish","hentry"],"_links":{"self":[{"href":"https:\/\/arealco.de\/index.php\/wp-json\/wp\/v2\/pages\/1641","targetHints":{"allow":["GET"]}}],"collection":[{"href":"https:\/\/arealco.de\/index.php\/wp-json\/wp\/v2\/pages"}],"about":[{"href":"https:\/\/arealco.de\/index.php\/wp-json\/wp\/v2\/types\/page"}],"author":[{"embeddable":true,"href":"https:\/\/arealco.de\/index.php\/wp-json\/wp\/v2\/users\/1"}],"replies":[{"embeddable":true,"href":"https:\/\/arealco.de\/index.php\/wp-json\/wp\/v2\/comments?post=1641"}],"version-history":[{"count":40,"href":"https:\/\/arealco.de\/index.php\/wp-json\/wp\/v2\/pages\/1641\/revisions"}],"predecessor-version":[{"id":2112,"href":"https:\/\/arealco.de\/index.php\/wp-json\/wp\/v2\/pages\/1641\/revisions\/2112"}],"wp:attachment":[{"href":"https:\/\/arealco.de\/index.php\/wp-json\/wp\/v2\/media?parent=1641"}],"curies":[{"name":"wp","href":"https:\/\/api.w.org\/{rel}","templated":true}]}}